
{"id":15,"date":"2014-09-17T14:38:14","date_gmt":"2014-09-17T12:38:14","guid":{"rendered":"http:\/\/mariaball-naturo.fr\/?page_id=15"},"modified":"2018-02-22T21:15:22","modified_gmt":"2018-02-22T20:15:22","slug":"la-naturopathie","status":"publish","type":"page","link":"https:\/\/maria.leval.info\/?page_id=15","title":{"rendered":"La  Naturopathie"},"content":{"rendered":"<p align=\"JUSTIFY\"><span style=\"font-family: verdana,geneva,sans-serif;\">Le Naturopathe est un Educateur de Sant\u00e9. Ses conseils d\u2019hygi\u00e8ne de vie concernent surtout\u00a0:<\/span><\/p>\n<p align=\"JUSTIFY\"><span style=\"font-family: verdana,geneva,sans-serif;\">\u2022 l\u2019alimentation saine (associations alimentaires, monodi\u00e8te,\u00a0\u2026.)<\/span><\/p>\n<p align=\"JUSTIFY\"><span style=\"font-family: verdana,geneva,sans-serif;\">\u2022 l\u2019exercice physique (gym douce, natation, v\u00e9lo, marche, dance,\u2026)<\/span><\/p>\n<p align=\"JUSTIFY\"><span style=\"font-family: verdana,geneva,sans-serif;\">\u2022 la psychologie (relaxation, gestion du stress.)<\/span><\/p>\n<p><span style=\"font-family: verdana,geneva,sans-serif;\"><span style=\"font-size: medium;\">Apr\u00e8s un questionnaire g\u00e9n\u00e9rale sur vos habitudes de vie (r\u00e9gime\u00a0alimentaire, ant\u00e9c\u00e9dents familiaux et m\u00e9dicaux, mode de vie, sommeil&#8230;), nous proc\u00e9derons ensemble \u00e0 un<strong> Bilan<\/strong> <strong>de Vitalit\u00e9\u00a0<\/strong>qui, d&rsquo;apr\u00e8s votre morphologie, vous indiquera vos points faibles et vos points forts. A la fin\u00a0de la consultation, nous aurons \u00e9tabli\u00a0un programme d&rsquo;hygi\u00e8ne de vie personnalis\u00e9 qui vous aidera \u00e0 mettre en place les diff\u00e9rentes techniques naturelles de sant\u00e9.<\/span><\/span><\/p>\n<p align=\"JUSTIFY\"><span style=\"font-family: verdana,geneva,sans-serif;\">La Naturopathie est l\u2019art de rester en Bonne Sant\u00e9, d\u2019\u00eatre acteur de sa sant\u00e9 en prenant soin de Soi par des moyens naturels, comme la Phytoth\u00e9rapie, l\u2019Aromath\u00e9rapie, l\u2019Hydroth\u00e9rapie (utilisation de l\u2019eau chaude, froide ou ti\u00e8de), les Techniques Manuelles comme le massage bien-\u00eatre avec des onctions aux Huiles Essentielles Bio &#8230;<\/span><\/p>\n<p align=\"JUSTIFY\"><span style=\"font-family: verdana,geneva,sans-serif;\">Bas\u00e9e sur le principe que le Corps Humain a une capacit\u00e9 inn\u00e9e \u00e0 l\u2019auto-gu\u00e9rison, la Naturopathie s\u2019adresse \u00e0 tous . A tous ceux qui veulent retrouver une bonne hygi\u00e8ne de vie (probl\u00e8me de poids, de peau, de fatigue, stress\u2026.) Comme \u00e0 ceux qui ont besoin d\u2019\u00eatre accompagn\u00e9s parce qu\u2019ils traversent un moment de vie particulier (grossesse, m\u00e9nopause, p\u00e9riode pr\u00e9 ou post-op\u00e9ratoire, maladie aigu\u00eb ou chronique&#8230;)<\/span><\/p>\n<p align=\"JUSTIFY\"><span style=\"font-family: verdana,geneva,sans-serif;\">Le praticien de Sant\u00e9 \u2013 Naturopathe ne remplace en aucun cas le m\u00e9decin et ne pose aucun diagnostic. Ses conseils n\u2019excluent pas le suivi de toutes prescriptions m\u00e9dicales ant\u00e9rieures. <\/span><\/p>\n<p style=\"text-align: center;\" align=\"JUSTIFY\"><span style=\"font-family: verdana,geneva,sans-serif;\"><strong><em>Ne jamais abandonner ou modifier un traitement en cours sans avis m\u00e9dical <\/em><\/strong><\/span><\/p>\n<p align=\"CENTER\"><span style=\"color: #0000ff; font-family: verdana,geneva,sans-serif;\">\u00ab\u00a0Que ton aliment soit ta seule m\u00e9decine\u00a0\u00bb<\/span><\/p>\n<p align=\"CENTER\"><span style=\"color: #0070c0; font-family: verdana,geneva,sans-serif;\"><i>\u00ab\u00a0La force qui est en nous est notre plus grand m\u00e9decin\u00a0\u00bb<\/i><\/span><\/p>\n<p align=\"CENTER\"><span style=\"font-family: verdana,geneva,sans-serif;\"><i>Hippocrate<\/i><\/span><\/p>\n","protected":false},"excerpt":{"rendered":"<p>Le Naturopathe est un Educateur de Sant\u00e9. Ses conseils d\u2019hygi\u00e8ne de vie concernent surtout\u00a0: \u2022 l\u2019alimentation saine (associations alimentaires, monodi\u00e8te,\u00a0\u2026.) \u2022 l\u2019exercice physique (gym douce, natation, v\u00e9lo, marche, dance,\u2026) \u2022 la psychologie (relaxation, gestion du stress.) Apr\u00e8s un questionnaire g\u00e9n\u00e9rale sur vos habitudes de vie (r\u00e9gime\u00a0alimentaire, ant\u00e9c\u00e9dents familiaux et m\u00e9dicaux, mode de vie, sommeil&#8230;), nous &hellip; <a href=\"https:\/\/maria.leval.info\/?page_id=15\" class=\"more-link\">Continuer la lecture de <span class=\"screen-reader-text\">La  Naturopathie<\/span> <span class=\"meta-nav\">&rarr;<\/span><\/a><\/p>\n","protected":false},"author":1,"featured_media":0,"parent":0,"menu_order":0,"comment_status":"closed","ping_status":"open","template":"","meta":[],"_links":{"self":[{"href":"https:\/\/maria.leval.info\/index.php?rest_route=\/wp\/v2\/pages\/15"}],"collection":[{"href":"https:\/\/maria.leval.info\/index.php?rest_route=\/wp\/v2\/pages"}],"about":[{"href":"https:\/\/maria.leval.info\/index.php?rest_route=\/wp\/v2\/types\/page"}],"author":[{"embeddable":true,"href":"https:\/\/maria.leval.info\/index.php?rest_route=\/wp\/v2\/users\/1"}],"replies":[{"embeddable":true,"href":"https:\/\/maria.leval.info\/index.php?rest_route=%2Fwp%2Fv2%2Fcomments&post=15"}],"version-history":[{"count":10,"href":"https:\/\/maria.leval.info\/index.php?rest_route=\/wp\/v2\/pages\/15\/revisions"}],"predecessor-version":[{"id":423,"href":"https:\/\/maria.leval.info\/index.php?rest_route=\/wp\/v2\/pages\/15\/revisions\/423"}],"wp:attachment":[{"href":"https:\/\/maria.leval.info\/index.php?rest_route=%2Fwp%2Fv2%2Fmedia&parent=15"}],"curies":[{"name":"wp","href":"https:\/\/api.w.org\/{rel}","templated":true}]}}